{"id":1859,"date":"2024-04-06T21:31:34","date_gmt":"2024-04-06T19:31:34","guid":{"rendered":"https:\/\/www.christwohin.com\/?page_id=1859"},"modified":"2025-01-31T16:57:42","modified_gmt":"2025-01-31T15:57:42","slug":"zimmer","status":"publish","type":"page","link":"https:\/\/www.christwohin.com\/index.php\/zimmer\/","title":{"rendered":"Zimmer"},"content":{"rendered":"\n<div class=\"wp-block-columns is-layout-flex wp-container-core-columns-is-layout-1 wp-block-columns-is-layout-flex\">\n<div class=\"wp-block-column is-layout-flow wp-block-column-is-layout-flow\">\n<figure class=\"wp-block-image size-large\"><a href=\"https:\/\/www.christwohin.com\/wp-content\/uploads\/2024\/08\/cw_0058.jpg\"><img loading=\"lazy\" decoding=\"async\" width=\"1024\" height=\"683\" src=\"https:\/\/www.christwohin.com\/wp-content\/uploads\/2024\/08\/cw_0058-1024x683.jpg\" alt=\"\" class=\"wp-image-2079\" srcset=\"https:\/\/www.christwohin.com\/wp-content\/uploads\/2024\/08\/cw_0058-1024x683.jpg 1024w, https:\/\/www.christwohin.com\/wp-content\/uploads\/2024\/08\/cw_0058-300x200.jpg 300w, https:\/\/www.christwohin.com\/wp-content\/uploads\/2024\/08\/cw_0058-768x512.jpg 768w, https:\/\/www.christwohin.com\/wp-content\/uploads\/2024\/08\/cw_0058-1536x1024.jpg 1536w, https:\/\/www.christwohin.com\/wp-content\/uploads\/2024\/08\/cw_0058.jpg 1800w\" sizes=\"(max-width: 1024px) 100vw, 1024px\" \/><\/a><\/figure>\n<\/div>\n\n\n\n<div class=\"wp-block-column is-layout-flow wp-block-column-is-layout-flow\">\n<h4 class=\"wp-block-heading\">10 <strong>Einzelzimmer<\/strong> (Standard)<\/h4>\n\n\n\n<figure class=\"wp-block-gallery has-nested-images columns-default is-cropped wp-block-gallery-1 is-layout-flex wp-block-gallery-is-layout-flex\">\n<figure class=\"wp-block-image size-large\"><a href=\"https:\/\/www.christwohin.com\/wp-content\/uploads\/2024\/08\/cw_0057.jpg\"><img loading=\"lazy\" decoding=\"async\" width=\"1024\" height=\"683\" src=\"https:\/\/www.christwohin.com\/wp-content\/uploads\/2024\/08\/cw_0057-1024x683.jpg\" alt=\"\" class=\"wp-image-2078\" srcset=\"https:\/\/www.christwohin.com\/wp-content\/uploads\/2024\/08\/cw_0057-1024x683.jpg 1024w, https:\/\/www.christwohin.com\/wp-content\/uploads\/2024\/08\/cw_0057-300x200.jpg 300w, https:\/\/www.christwohin.com\/wp-content\/uploads\/2024\/08\/cw_0057-768x512.jpg 768w, https:\/\/www.christwohin.com\/wp-content\/uploads\/2024\/08\/cw_0057-1536x1024.jpg 1536w, https:\/\/www.christwohin.com\/wp-content\/uploads\/2024\/08\/cw_0057.jpg 1800w\" sizes=\"(max-width: 1024px) 100vw, 1024px\" \/><\/a><\/figure>\n\n\n\n<figure class=\"wp-block-image size-large\"><a href=\"https:\/\/www.christwohin.com\/wp-content\/uploads\/2024\/08\/cw_0061.jpg\"><img loading=\"lazy\" decoding=\"async\" width=\"1024\" height=\"683\" src=\"https:\/\/www.christwohin.com\/wp-content\/uploads\/2024\/08\/cw_0061-1024x683.jpg\" alt=\"\" class=\"wp-image-2082\" srcset=\"https:\/\/www.christwohin.com\/wp-content\/uploads\/2024\/08\/cw_0061-1024x683.jpg 1024w, https:\/\/www.christwohin.com\/wp-content\/uploads\/2024\/08\/cw_0061-300x200.jpg 300w, https:\/\/www.christwohin.com\/wp-content\/uploads\/2024\/08\/cw_0061-768x512.jpg 768w, https:\/\/www.christwohin.com\/wp-content\/uploads\/2024\/08\/cw_0061-1536x1024.jpg 1536w, https:\/\/www.christwohin.com\/wp-content\/uploads\/2024\/08\/cw_0061.jpg 1800w\" sizes=\"(max-width: 1024px) 100vw, 1024px\" \/><\/a><\/figure>\n\n\n\n<figure class=\"wp-block-image size-large\"><a href=\"https:\/\/www.christwohin.com\/wp-content\/uploads\/2025\/01\/Einzelzimmer.png\"><img decoding=\"async\" src=\"https:\/\/www.christwohin.com\/wp-content\/uploads\/2025\/01\/Einzelzimmer-741x1024.png\" alt=\"\" class=\"wp-image-2328\"\/><\/a><\/figure>\n<\/figure>\n\n\n\n<ul class=\"wp-block-list\">\n<li>Gr\u00f6\u00dfe je ca. 9 m \u00b2<\/li>\n\n\n\n<li>Eigene Dusche mit WC<\/li>\n\n\n\n<li>Einrichtung: Einzelbett, Schreibtisch, Stuhl, Lavabo mit Ablage, Kleiderschrank<\/li>\n\n\n\n<li>Ausstattung: Bettw\u00e4sche, Handt\u00fccher, F\u00f6n<\/li>\n<\/ul>\n<\/div>\n<\/div>\n\n\n\n<div style=\"height:50px\" aria-hidden=\"true\" class=\"wp-block-spacer\"><\/div>\n\n\n\n<div class=\"wp-block-columns is-layout-flex wp-container-core-columns-is-layout-2 wp-block-columns-is-layout-flex\">\n<div class=\"wp-block-column is-layout-flow wp-block-column-is-layout-flow\">\n<figure class=\"wp-block-image size-full\"><a href=\"https:\/\/www.christwohin.com\/wp-content\/uploads\/2025\/01\/cw_5465.jpg\"><img loading=\"lazy\" decoding=\"async\" width=\"1800\" height=\"1200\" src=\"https:\/\/www.christwohin.com\/wp-content\/uploads\/2025\/01\/cw_5465.jpg\" alt=\"\" class=\"wp-image-2360\" srcset=\"https:\/\/www.christwohin.com\/wp-content\/uploads\/2025\/01\/cw_5465.jpg 1800w, https:\/\/www.christwohin.com\/wp-content\/uploads\/2025\/01\/cw_5465-300x200.jpg 300w, https:\/\/www.christwohin.com\/wp-content\/uploads\/2025\/01\/cw_5465-1024x683.jpg 1024w, https:\/\/www.christwohin.com\/wp-content\/uploads\/2025\/01\/cw_5465-768x512.jpg 768w, https:\/\/www.christwohin.com\/wp-content\/uploads\/2025\/01\/cw_5465-1536x1024.jpg 1536w\" sizes=\"(max-width: 1800px) 100vw, 1800px\" \/><\/a><\/figure>\n<\/div>\n\n\n\n<div class=\"wp-block-column is-layout-flow wp-block-column-is-layout-flow\">\n<h4 class=\"wp-block-heading\">1 <strong>Einzelzimmer<\/strong> (rollstuhlgeeignet)<\/h4>\n\n\n\n<figure class=\"wp-block-gallery has-nested-images columns-default is-cropped wp-block-gallery-2 is-layout-flex wp-block-gallery-is-layout-flex\">\n<figure class=\"wp-block-image size-full\"><a href=\"https:\/\/www.christwohin.com\/wp-content\/uploads\/2025\/01\/cw_5466.jpg\"><img loading=\"lazy\" decoding=\"async\" width=\"1800\" height=\"1200\" src=\"https:\/\/www.christwohin.com\/wp-content\/uploads\/2025\/01\/cw_5466.jpg\" alt=\"\" class=\"wp-image-2361\" srcset=\"https:\/\/www.christwohin.com\/wp-content\/uploads\/2025\/01\/cw_5466.jpg 1800w, https:\/\/www.christwohin.com\/wp-content\/uploads\/2025\/01\/cw_5466-300x200.jpg 300w, https:\/\/www.christwohin.com\/wp-content\/uploads\/2025\/01\/cw_5466-1024x683.jpg 1024w, https:\/\/www.christwohin.com\/wp-content\/uploads\/2025\/01\/cw_5466-768x512.jpg 768w, https:\/\/www.christwohin.com\/wp-content\/uploads\/2025\/01\/cw_5466-1536x1024.jpg 1536w\" sizes=\"(max-width: 1800px) 100vw, 1800px\" \/><\/a><\/figure>\n\n\n\n<figure class=\"wp-block-image size-large\"><a href=\"https:\/\/www.christwohin.com\/wp-content\/uploads\/2025\/01\/cw_5467.jpg\"><img loading=\"lazy\" decoding=\"async\" width=\"1024\" height=\"683\" src=\"https:\/\/www.christwohin.com\/wp-content\/uploads\/2025\/01\/cw_5467-1024x683.jpg\" alt=\"\" class=\"wp-image-2362\" srcset=\"https:\/\/www.christwohin.com\/wp-content\/uploads\/2025\/01\/cw_5467-1024x683.jpg 1024w, https:\/\/www.christwohin.com\/wp-content\/uploads\/2025\/01\/cw_5467-300x200.jpg 300w, https:\/\/www.christwohin.com\/wp-content\/uploads\/2025\/01\/cw_5467-768x512.jpg 768w, https:\/\/www.christwohin.com\/wp-content\/uploads\/2025\/01\/cw_5467-1536x1024.jpg 1536w, https:\/\/www.christwohin.com\/wp-content\/uploads\/2025\/01\/cw_5467.jpg 1800w\" sizes=\"(max-width: 1024px) 100vw, 1024px\" \/><\/a><\/figure>\n\n\n\n<figure class=\"wp-block-image size-large\"><a href=\"https:\/\/www.christwohin.com\/wp-content\/uploads\/2025\/01\/Einzelzimmer-rolli.png\"><img loading=\"lazy\" decoding=\"async\" width=\"931\" height=\"1024\" src=\"https:\/\/www.christwohin.com\/wp-content\/uploads\/2025\/01\/Einzelzimmer-rolli-931x1024.png\" alt=\"\" class=\"wp-image-2389\" srcset=\"https:\/\/www.christwohin.com\/wp-content\/uploads\/2025\/01\/Einzelzimmer-rolli-931x1024.png 931w, https:\/\/www.christwohin.com\/wp-content\/uploads\/2025\/01\/Einzelzimmer-rolli-273x300.png 273w, https:\/\/www.christwohin.com\/wp-content\/uploads\/2025\/01\/Einzelzimmer-rolli-768x845.png 768w, https:\/\/www.christwohin.com\/wp-content\/uploads\/2025\/01\/Einzelzimmer-rolli-1396x1536.png 1396w, https:\/\/www.christwohin.com\/wp-content\/uploads\/2025\/01\/Einzelzimmer-rolli.png 1563w\" sizes=\"(max-width: 931px) 100vw, 931px\" \/><\/a><\/figure>\n<\/figure>\n\n\n\n<ul class=\"wp-block-list\">\n<li>Gr\u00f6\u00dfe ca. 14 m \u00b2<\/li>\n\n\n\n<li>Bad mit bodenebener Dusche, WC, Lavabo<\/li>\n\n\n\n<li>Einrichtung: Einzelbett, Kleiderschrank<\/li>\n\n\n\n<li>Ausstattung: Bettw\u00e4sche, Handt\u00fccher, F\u00f6n<\/li>\n<\/ul>\n<\/div>\n<\/div>\n\n\n\n<div style=\"height:50px\" aria-hidden=\"true\" class=\"wp-block-spacer\"><\/div>\n\n\n\n<div class=\"wp-block-columns is-layout-flex wp-container-core-columns-is-layout-3 wp-block-columns-is-layout-flex\">\n<div class=\"wp-block-column is-layout-flow wp-block-column-is-layout-flow\">\n<figure class=\"wp-block-image size-full\"><a href=\"https:\/\/www.christwohin.com\/wp-content\/uploads\/2025\/01\/cw_5472.jpg\"><img loading=\"lazy\" decoding=\"async\" width=\"1800\" height=\"1200\" src=\"https:\/\/www.christwohin.com\/wp-content\/uploads\/2025\/01\/cw_5472.jpg\" alt=\"\" class=\"wp-image-2367\" srcset=\"https:\/\/www.christwohin.com\/wp-content\/uploads\/2025\/01\/cw_5472.jpg 1800w, https:\/\/www.christwohin.com\/wp-content\/uploads\/2025\/01\/cw_5472-300x200.jpg 300w, https:\/\/www.christwohin.com\/wp-content\/uploads\/2025\/01\/cw_5472-1024x683.jpg 1024w, https:\/\/www.christwohin.com\/wp-content\/uploads\/2025\/01\/cw_5472-768x512.jpg 768w, https:\/\/www.christwohin.com\/wp-content\/uploads\/2025\/01\/cw_5472-1536x1024.jpg 1536w\" sizes=\"(max-width: 1800px) 100vw, 1800px\" \/><\/a><\/figure>\n<\/div>\n\n\n\n<div class=\"wp-block-column is-layout-flow wp-block-column-is-layout-flow\">\n<h4 class=\"wp-block-heading\">1 <strong>Doppelzimmer<\/strong> (rollstuhlgeeignet)<\/h4>\n\n\n\n<figure class=\"wp-block-gallery has-nested-images columns-default is-cropped wp-block-gallery-3 is-layout-flex wp-block-gallery-is-layout-flex\">\n<figure class=\"wp-block-image size-full\"><a href=\"https:\/\/www.christwohin.com\/wp-content\/uploads\/2025\/01\/cw_5473.jpg\"><img loading=\"lazy\" decoding=\"async\" width=\"1800\" height=\"1200\" src=\"https:\/\/www.christwohin.com\/wp-content\/uploads\/2025\/01\/cw_5473.jpg\" alt=\"\" class=\"wp-image-2368\" srcset=\"https:\/\/www.christwohin.com\/wp-content\/uploads\/2025\/01\/cw_5473.jpg 1800w, https:\/\/www.christwohin.com\/wp-content\/uploads\/2025\/01\/cw_5473-300x200.jpg 300w, https:\/\/www.christwohin.com\/wp-content\/uploads\/2025\/01\/cw_5473-1024x683.jpg 1024w, https:\/\/www.christwohin.com\/wp-content\/uploads\/2025\/01\/cw_5473-768x512.jpg 768w, https:\/\/www.christwohin.com\/wp-content\/uploads\/2025\/01\/cw_5473-1536x1024.jpg 1536w\" sizes=\"(max-width: 1800px) 100vw, 1800px\" \/><\/a><\/figure>\n\n\n\n<figure class=\"wp-block-image size-large\"><a href=\"https:\/\/www.christwohin.com\/wp-content\/uploads\/2025\/01\/cw_5474.jpg\"><img loading=\"lazy\" decoding=\"async\" width=\"1024\" height=\"683\" src=\"https:\/\/www.christwohin.com\/wp-content\/uploads\/2025\/01\/cw_5474-1024x683.jpg\" alt=\"\" class=\"wp-image-2369\" srcset=\"https:\/\/www.christwohin.com\/wp-content\/uploads\/2025\/01\/cw_5474-1024x683.jpg 1024w, https:\/\/www.christwohin.com\/wp-content\/uploads\/2025\/01\/cw_5474-300x200.jpg 300w, https:\/\/www.christwohin.com\/wp-content\/uploads\/2025\/01\/cw_5474-768x512.jpg 768w, https:\/\/www.christwohin.com\/wp-content\/uploads\/2025\/01\/cw_5474-1536x1024.jpg 1536w, https:\/\/www.christwohin.com\/wp-content\/uploads\/2025\/01\/cw_5474.jpg 1800w\" sizes=\"(max-width: 1024px) 100vw, 1024px\" \/><\/a><\/figure>\n\n\n\n<figure class=\"wp-block-image size-large\"><a href=\"https:\/\/www.christwohin.com\/wp-content\/uploads\/2025\/01\/Doppelzimmer.png\"><img loading=\"lazy\" decoding=\"async\" width=\"603\" height=\"1024\" src=\"https:\/\/www.christwohin.com\/wp-content\/uploads\/2025\/01\/Doppelzimmer-603x1024.png\" alt=\"\" class=\"wp-image-2393\" srcset=\"https:\/\/www.christwohin.com\/wp-content\/uploads\/2025\/01\/Doppelzimmer-603x1024.png 603w, https:\/\/www.christwohin.com\/wp-content\/uploads\/2025\/01\/Doppelzimmer-177x300.png 177w, https:\/\/www.christwohin.com\/wp-content\/uploads\/2025\/01\/Doppelzimmer-768x1304.png 768w, https:\/\/www.christwohin.com\/wp-content\/uploads\/2025\/01\/Doppelzimmer-905x1536.png 905w, https:\/\/www.christwohin.com\/wp-content\/uploads\/2025\/01\/Doppelzimmer.png 1013w\" sizes=\"(max-width: 603px) 100vw, 603px\" \/><\/a><\/figure>\n<\/figure>\n\n\n\n<ul class=\"wp-block-list\">\n<li>Gr\u00f6\u00dfe ca. 22 m \u00b2<\/li>\n\n\n\n<li>Bad mit bodenebener Dusche, WC, Lavabo<\/li>\n\n\n\n<li>Einrichtung: 2 Einzelbetten, Kleiderschrank<\/li>\n\n\n\n<li>Ausstattung: Bettw\u00e4sche, Handt\u00fccher, F\u00f6n<\/li>\n<\/ul>\n<\/div>\n<\/div>\n\n\n\n<div style=\"height:50px\" aria-hidden=\"true\" class=\"wp-block-spacer\"><\/div>\n\n\n\n<div class=\"wp-block-columns is-layout-flex wp-container-core-columns-is-layout-4 wp-block-columns-is-layout-flex\">\n<div class=\"wp-block-column is-layout-flow wp-block-column-is-layout-flow\">\n<figure class=\"wp-block-image size-full\"><a href=\"https:\/\/www.christwohin.com\/wp-content\/uploads\/2025\/01\/cw_5468.jpg\"><img loading=\"lazy\" decoding=\"async\" width=\"1800\" height=\"1200\" src=\"https:\/\/www.christwohin.com\/wp-content\/uploads\/2025\/01\/cw_5468.jpg\" alt=\"\" class=\"wp-image-2363\" srcset=\"https:\/\/www.christwohin.com\/wp-content\/uploads\/2025\/01\/cw_5468.jpg 1800w, https:\/\/www.christwohin.com\/wp-content\/uploads\/2025\/01\/cw_5468-300x200.jpg 300w, https:\/\/www.christwohin.com\/wp-content\/uploads\/2025\/01\/cw_5468-1024x683.jpg 1024w, https:\/\/www.christwohin.com\/wp-content\/uploads\/2025\/01\/cw_5468-768x512.jpg 768w, https:\/\/www.christwohin.com\/wp-content\/uploads\/2025\/01\/cw_5468-1536x1024.jpg 1536w\" sizes=\"(max-width: 1800px) 100vw, 1800px\" \/><\/a><\/figure>\n<\/div>\n\n\n\n<div class=\"wp-block-column is-layout-flow wp-block-column-is-layout-flow\">\n<h4 class=\"wp-block-heading\">2 <strong>Vierbettzimmer<\/strong> mit Stockbetten<\/h4>\n\n\n\n<figure class=\"wp-block-gallery has-nested-images columns-default is-cropped wp-block-gallery-4 is-layout-flex wp-block-gallery-is-layout-flex\">\n<figure class=\"wp-block-image size-full\"><a href=\"https:\/\/www.christwohin.com\/wp-content\/uploads\/2025\/01\/cw_5469.jpg\"><img loading=\"lazy\" decoding=\"async\" width=\"1800\" height=\"1200\" src=\"https:\/\/www.christwohin.com\/wp-content\/uploads\/2025\/01\/cw_5469.jpg\" alt=\"\" class=\"wp-image-2364\" srcset=\"https:\/\/www.christwohin.com\/wp-content\/uploads\/2025\/01\/cw_5469.jpg 1800w, https:\/\/www.christwohin.com\/wp-content\/uploads\/2025\/01\/cw_5469-300x200.jpg 300w, https:\/\/www.christwohin.com\/wp-content\/uploads\/2025\/01\/cw_5469-1024x683.jpg 1024w, https:\/\/www.christwohin.com\/wp-content\/uploads\/2025\/01\/cw_5469-768x512.jpg 768w, https:\/\/www.christwohin.com\/wp-content\/uploads\/2025\/01\/cw_5469-1536x1024.jpg 1536w\" sizes=\"(max-width: 1800px) 100vw, 1800px\" \/><\/a><\/figure>\n\n\n\n<figure class=\"wp-block-image size-large\"><a href=\"https:\/\/www.christwohin.com\/wp-content\/uploads\/2025\/01\/cw_5470.jpg\"><img loading=\"lazy\" decoding=\"async\" width=\"1024\" height=\"683\" src=\"https:\/\/www.christwohin.com\/wp-content\/uploads\/2025\/01\/cw_5470-1024x683.jpg\" alt=\"\" class=\"wp-image-2365\" srcset=\"https:\/\/www.christwohin.com\/wp-content\/uploads\/2025\/01\/cw_5470-1024x683.jpg 1024w, https:\/\/www.christwohin.com\/wp-content\/uploads\/2025\/01\/cw_5470-300x200.jpg 300w, https:\/\/www.christwohin.com\/wp-content\/uploads\/2025\/01\/cw_5470-768x512.jpg 768w, https:\/\/www.christwohin.com\/wp-content\/uploads\/2025\/01\/cw_5470-1536x1024.jpg 1536w, https:\/\/www.christwohin.com\/wp-content\/uploads\/2025\/01\/cw_5470.jpg 1800w\" sizes=\"(max-width: 1024px) 100vw, 1024px\" \/><\/a><\/figure>\n\n\n\n<figure class=\"wp-block-image size-large\"><a href=\"https:\/\/www.christwohin.com\/wp-content\/uploads\/2025\/01\/Viererzimmer.png\"><img loading=\"lazy\" decoding=\"async\" width=\"535\" height=\"1024\" src=\"https:\/\/www.christwohin.com\/wp-content\/uploads\/2025\/01\/Viererzimmer-535x1024.png\" alt=\"\" class=\"wp-image-2387\" srcset=\"https:\/\/www.christwohin.com\/wp-content\/uploads\/2025\/01\/Viererzimmer-535x1024.png 535w, https:\/\/www.christwohin.com\/wp-content\/uploads\/2025\/01\/Viererzimmer-157x300.png 157w, https:\/\/www.christwohin.com\/wp-content\/uploads\/2025\/01\/Viererzimmer-768x1471.png 768w, https:\/\/www.christwohin.com\/wp-content\/uploads\/2025\/01\/Viererzimmer-802x1536.png 802w, https:\/\/www.christwohin.com\/wp-content\/uploads\/2025\/01\/Viererzimmer.png 846w\" sizes=\"(max-width: 535px) 100vw, 535px\" \/><\/a><\/figure>\n<\/figure>\n\n\n\n<p><\/p>\n\n\n\n<p>Gr\u00f6\u00dfe je ca. 14 m \u00b2<\/p>\n\n\n\n<ul class=\"wp-block-list\">\n<li>Eigene Dusche mit WC<\/li>\n\n\n\n<li>Einrichtung: 2 Stockbetten, Schreibtisch, Stuhl, Lavabo mit Ablage, Kleiderschrank<\/li>\n\n\n\n<li>Ausstattung: Bettw\u00e4sche, Handt\u00fccher, F\u00f6n<\/li>\n<\/ul>\n<\/div>\n<\/div>\n\n\n\n<div style=\"height:50px\" aria-hidden=\"true\" class=\"wp-block-spacer\"><\/div>\n\n\n\n<div class=\"wp-block-columns is-layout-flex wp-container-core-columns-is-layout-5 wp-block-columns-is-layout-flex\">\n<div class=\"wp-block-column is-layout-flow wp-block-column-is-layout-flow\">\n<figure class=\"wp-block-image size-large\"><a href=\"https:\/\/www.christwohin.com\/wp-content\/uploads\/2024\/08\/cw_0048.jpg\"><img loading=\"lazy\" decoding=\"async\" width=\"1024\" height=\"683\" src=\"https:\/\/www.christwohin.com\/wp-content\/uploads\/2024\/08\/cw_0048-1024x683.jpg\" alt=\"\" class=\"wp-image-2069\" srcset=\"https:\/\/www.christwohin.com\/wp-content\/uploads\/2024\/08\/cw_0048-1024x683.jpg 1024w, https:\/\/www.christwohin.com\/wp-content\/uploads\/2024\/08\/cw_0048-300x200.jpg 300w, https:\/\/www.christwohin.com\/wp-content\/uploads\/2024\/08\/cw_0048-768x512.jpg 768w, https:\/\/www.christwohin.com\/wp-content\/uploads\/2024\/08\/cw_0048-1536x1024.jpg 1536w, https:\/\/www.christwohin.com\/wp-content\/uploads\/2024\/08\/cw_0048.jpg 1800w\" sizes=\"(max-width: 1024px) 100vw, 1024px\" \/><\/a><\/figure>\n<\/div>\n\n\n\n<div class=\"wp-block-column is-layout-flow wp-block-column-is-layout-flow\">\n<h4 class=\"wp-block-heading\">2 <strong>Schlafs\u00e4le<\/strong><\/h4>\n\n\n\n<figure class=\"wp-block-gallery has-nested-images columns-default is-cropped wp-block-gallery-5 is-layout-flex wp-block-gallery-is-layout-flex\">\n<figure class=\"wp-block-image size-large\"><a href=\"https:\/\/www.christwohin.com\/wp-content\/uploads\/2024\/08\/cw_0051.jpg\"><img loading=\"lazy\" decoding=\"async\" width=\"1024\" height=\"683\" src=\"https:\/\/www.christwohin.com\/wp-content\/uploads\/2024\/08\/cw_0051-1024x683.jpg\" alt=\"\" class=\"wp-image-2072\" srcset=\"https:\/\/www.christwohin.com\/wp-content\/uploads\/2024\/08\/cw_0051-1024x683.jpg 1024w, https:\/\/www.christwohin.com\/wp-content\/uploads\/2024\/08\/cw_0051-300x200.jpg 300w, https:\/\/www.christwohin.com\/wp-content\/uploads\/2024\/08\/cw_0051-768x512.jpg 768w, https:\/\/www.christwohin.com\/wp-content\/uploads\/2024\/08\/cw_0051-1536x1024.jpg 1536w, https:\/\/www.christwohin.com\/wp-content\/uploads\/2024\/08\/cw_0051.jpg 1800w\" sizes=\"(max-width: 1024px) 100vw, 1024px\" \/><\/a><\/figure>\n\n\n\n<figure class=\"wp-block-image size-large\"><a href=\"https:\/\/www.christwohin.com\/wp-content\/uploads\/2024\/08\/cw_0052.jpg\"><img loading=\"lazy\" decoding=\"async\" width=\"1024\" height=\"683\" src=\"https:\/\/www.christwohin.com\/wp-content\/uploads\/2024\/08\/cw_0052-1024x683.jpg\" alt=\"\" class=\"wp-image-2073\" srcset=\"https:\/\/www.christwohin.com\/wp-content\/uploads\/2024\/08\/cw_0052-1024x683.jpg 1024w, https:\/\/www.christwohin.com\/wp-content\/uploads\/2024\/08\/cw_0052-300x200.jpg 300w, https:\/\/www.christwohin.com\/wp-content\/uploads\/2024\/08\/cw_0052-768x512.jpg 768w, https:\/\/www.christwohin.com\/wp-content\/uploads\/2024\/08\/cw_0052-1536x1024.jpg 1536w, https:\/\/www.christwohin.com\/wp-content\/uploads\/2024\/08\/cw_0052.jpg 1800w\" sizes=\"(max-width: 1024px) 100vw, 1024px\" \/><\/a><\/figure>\n\n\n\n<figure class=\"wp-block-image size-large\"><a href=\"https:\/\/www.christwohin.com\/wp-content\/uploads\/2025\/01\/Saal.png\"><img decoding=\"async\" src=\"https:\/\/www.christwohin.com\/wp-content\/uploads\/2025\/01\/Saal-1024x926.png\" alt=\"\" class=\"wp-image-2332\"\/><\/a><\/figure>\n<\/figure>\n\n\n\n<ul class=\"wp-block-list\">\n<li>Schlafsaal je ca. 34 m \u00b2<\/li>\n\n\n\n<li>Stock- und Einzelbetten f\u00fcr je bis zu 14 Personen:<\/li>\n\n\n\n<li>Jedem Schlafsaal zugeordnet ist ein gemeinschaftlich genutztes Bad, mit 2 Duschen, 2 WCs und 3 Lavabos mit Ablage<\/li>\n\n\n\n<li>Einrichtung: 6 Stockbetten und 2 Einzelbetten, Ablagef\u00e4cher f\u00fcr Gep\u00e4ck, Ablage als Nachttisch<\/li>\n\n\n\n<li>Ausstattung: Handt\u00fccher, Fixleintuch f\u00fcr die Matratze, Kopfkissen<\/li>\n\n\n\n<li>Optional: In der Regel wird im eigenen Schlafsack \u00fcbernachtet, bei Bedarf kann ein Duvet mit Bezug gemietet werden<\/li>\n<\/ul>\n<\/div>\n<\/div>\n\n\n\n<h4 class=\"wp-block-heading\">\u00dcbersichtsplan Untergeschoss<\/h4>\n\n\n\n<figure class=\"wp-block-image size-full\"><a href=\"https:\/\/www.christwohin.com\/wp-content\/uploads\/2025\/01\/UG_Uebersicht.png\"><img loading=\"lazy\" decoding=\"async\" width=\"4200\" height=\"1919\" src=\"https:\/\/www.christwohin.com\/wp-content\/uploads\/2025\/01\/UG_Uebersicht.png\" alt=\"\" class=\"wp-image-2405\" srcset=\"https:\/\/www.christwohin.com\/wp-content\/uploads\/2025\/01\/UG_Uebersicht.png 4200w, https:\/\/www.christwohin.com\/wp-content\/uploads\/2025\/01\/UG_Uebersicht-300x137.png 300w, https:\/\/www.christwohin.com\/wp-content\/uploads\/2025\/01\/UG_Uebersicht-1024x468.png 1024w, https:\/\/www.christwohin.com\/wp-content\/uploads\/2025\/01\/UG_Uebersicht-768x351.png 768w, https:\/\/www.christwohin.com\/wp-content\/uploads\/2025\/01\/UG_Uebersicht-1536x702.png 1536w, https:\/\/www.christwohin.com\/wp-content\/uploads\/2025\/01\/UG_Uebersicht-2048x936.png 2048w\" sizes=\"(max-width: 4200px) 100vw, 4200px\" \/><\/a><\/figure>\n","protected":false},"excerpt":{"rendered":"<p>10 Einzelzimmer (Standard) 1 Einzelzimmer (rollstuhlgeeignet) 1 Doppelzimmer (rollstuhlgeeignet) 2 Vierbettzimmer mit Stockbetten Gr\u00f6\u00dfe je ca. 14 m \u00b2 2 Schlafs\u00e4le \u00dcbersichtsplan Untergeschoss<\/p>\n","protected":false},"author":1,"featured_media":0,"parent":0,"menu_order":0,"comment_status":"closed","ping_status":"closed","template":"","meta":{"inline_featured_image":false,"footnotes":""},"class_list":["post-1859","page","type-page","status-publish","hentry"],"_links":{"self":[{"href":"https:\/\/www.christwohin.com\/index.php\/wp-json\/wp\/v2\/pages\/1859"}],"collection":[{"href":"https:\/\/www.christwohin.com\/index.php\/wp-json\/wp\/v2\/pages"}],"about":[{"href":"https:\/\/www.christwohin.com\/index.php\/wp-json\/wp\/v2\/types\/page"}],"author":[{"embeddable":true,"href":"https:\/\/www.christwohin.com\/index.php\/wp-json\/wp\/v2\/users\/1"}],"replies":[{"embeddable":true,"href":"https:\/\/www.christwohin.com\/index.php\/wp-json\/wp\/v2\/comments?post=1859"}],"version-history":[{"count":25,"href":"https:\/\/www.christwohin.com\/index.php\/wp-json\/wp\/v2\/pages\/1859\/revisions"}],"predecessor-version":[{"id":2407,"href":"https:\/\/www.christwohin.com\/index.php\/wp-json\/wp\/v2\/pages\/1859\/revisions\/2407"}],"wp:attachment":[{"href":"https:\/\/www.christwohin.com\/index.php\/wp-json\/wp\/v2\/media?parent=1859"}],"curies":[{"name":"wp","href":"https:\/\/api.w.org\/{rel}","templated":true}]}}