{"id":1870,"date":"2024-04-06T21:36:43","date_gmt":"2024-04-06T19:36:43","guid":{"rendered":"https:\/\/www.christwohin.com\/?page_id=1870"},"modified":"2025-01-31T17:50:58","modified_gmt":"2025-01-31T16:50:58","slug":"saele","status":"publish","type":"page","link":"https:\/\/www.christwohin.com\/index.php\/saele\/","title":{"rendered":"S\u00e4le"},"content":{"rendered":"\n<p>Das Exerzitienhaus verf\u00fcgt \u00fcber einen gro\u00dfen Saal, der in einen gr\u00f6\u00dferen und einen kleineren Saal aufteilbar ist.<\/p>\n\n\n\n<p>Hier Fotos vom gesamten Saal mit Terrasse:<\/p>\n\n\n\n<figure class=\"wp-block-gallery has-nested-images columns-default is-cropped wp-block-gallery-1 is-layout-flex wp-block-gallery-is-layout-flex\">\n<figure class=\"wp-block-image size-large\"><a href=\"https:\/\/www.christwohin.com\/wp-content\/uploads\/2024\/08\/cw_0021.jpg\"><img loading=\"lazy\" decoding=\"async\" width=\"1024\" height=\"683\" data-id=\"2042\" src=\"https:\/\/www.christwohin.com\/wp-content\/uploads\/2024\/08\/cw_0021-1024x683.jpg\" alt=\"\" class=\"wp-image-2042\" srcset=\"https:\/\/www.christwohin.com\/wp-content\/uploads\/2024\/08\/cw_0021-1024x683.jpg 1024w, https:\/\/www.christwohin.com\/wp-content\/uploads\/2024\/08\/cw_0021-300x200.jpg 300w, https:\/\/www.christwohin.com\/wp-content\/uploads\/2024\/08\/cw_0021-768x512.jpg 768w, https:\/\/www.christwohin.com\/wp-content\/uploads\/2024\/08\/cw_0021-1536x1024.jpg 1536w, https:\/\/www.christwohin.com\/wp-content\/uploads\/2024\/08\/cw_0021.jpg 1800w\" sizes=\"(max-width: 1024px) 100vw, 1024px\" \/><\/a><\/figure>\n\n\n\n<figure class=\"wp-block-image size-large\"><a href=\"https:\/\/www.christwohin.com\/wp-content\/uploads\/2024\/08\/cw_0016.jpg\"><img loading=\"lazy\" decoding=\"async\" width=\"1024\" height=\"683\" data-id=\"2037\" src=\"https:\/\/www.christwohin.com\/wp-content\/uploads\/2024\/08\/cw_0016-1024x683.jpg\" alt=\"\" class=\"wp-image-2037\" srcset=\"https:\/\/www.christwohin.com\/wp-content\/uploads\/2024\/08\/cw_0016-1024x683.jpg 1024w, https:\/\/www.christwohin.com\/wp-content\/uploads\/2024\/08\/cw_0016-300x200.jpg 300w, https:\/\/www.christwohin.com\/wp-content\/uploads\/2024\/08\/cw_0016-768x512.jpg 768w, https:\/\/www.christwohin.com\/wp-content\/uploads\/2024\/08\/cw_0016-1536x1024.jpg 1536w, https:\/\/www.christwohin.com\/wp-content\/uploads\/2024\/08\/cw_0016.jpg 1800w\" sizes=\"(max-width: 1024px) 100vw, 1024px\" \/><\/a><\/figure>\n\n\n\n<figure class=\"wp-block-image size-large\"><a href=\"https:\/\/www.christwohin.com\/wp-content\/uploads\/2024\/08\/cw_0015.jpg\"><img loading=\"lazy\" decoding=\"async\" width=\"1024\" height=\"683\" data-id=\"2036\" src=\"https:\/\/www.christwohin.com\/wp-content\/uploads\/2024\/08\/cw_0015-1024x683.jpg\" alt=\"\" class=\"wp-image-2036\" srcset=\"https:\/\/www.christwohin.com\/wp-content\/uploads\/2024\/08\/cw_0015-1024x683.jpg 1024w, https:\/\/www.christwohin.com\/wp-content\/uploads\/2024\/08\/cw_0015-300x200.jpg 300w, https:\/\/www.christwohin.com\/wp-content\/uploads\/2024\/08\/cw_0015-768x512.jpg 768w, https:\/\/www.christwohin.com\/wp-content\/uploads\/2024\/08\/cw_0015-1536x1024.jpg 1536w, https:\/\/www.christwohin.com\/wp-content\/uploads\/2024\/08\/cw_0015.jpg 1800w\" sizes=\"(max-width: 1024px) 100vw, 1024px\" \/><\/a><\/figure>\n\n\n\n<figure class=\"wp-block-image size-large\"><a href=\"https:\/\/www.christwohin.com\/wp-content\/uploads\/2024\/08\/cw_0014.jpg\"><img loading=\"lazy\" decoding=\"async\" width=\"1024\" height=\"683\" data-id=\"2035\" src=\"https:\/\/www.christwohin.com\/wp-content\/uploads\/2024\/08\/cw_0014-1024x683.jpg\" alt=\"\" class=\"wp-image-2035\" srcset=\"https:\/\/www.christwohin.com\/wp-content\/uploads\/2024\/08\/cw_0014-1024x683.jpg 1024w, https:\/\/www.christwohin.com\/wp-content\/uploads\/2024\/08\/cw_0014-300x200.jpg 300w, https:\/\/www.christwohin.com\/wp-content\/uploads\/2024\/08\/cw_0014-768x512.jpg 768w, https:\/\/www.christwohin.com\/wp-content\/uploads\/2024\/08\/cw_0014-1536x1024.jpg 1536w, https:\/\/www.christwohin.com\/wp-content\/uploads\/2024\/08\/cw_0014.jpg 1800w\" sizes=\"(max-width: 1024px) 100vw, 1024px\" \/><\/a><\/figure>\n\n\n\n<figure class=\"wp-block-image size-large\"><a href=\"https:\/\/www.christwohin.com\/wp-content\/uploads\/2024\/08\/cw_0013.jpg\"><img loading=\"lazy\" decoding=\"async\" width=\"1024\" height=\"683\" data-id=\"2034\" src=\"https:\/\/www.christwohin.com\/wp-content\/uploads\/2024\/08\/cw_0013-1024x683.jpg\" alt=\"\" class=\"wp-image-2034\" srcset=\"https:\/\/www.christwohin.com\/wp-content\/uploads\/2024\/08\/cw_0013-1024x683.jpg 1024w, https:\/\/www.christwohin.com\/wp-content\/uploads\/2024\/08\/cw_0013-300x200.jpg 300w, https:\/\/www.christwohin.com\/wp-content\/uploads\/2024\/08\/cw_0013-768x512.jpg 768w, https:\/\/www.christwohin.com\/wp-content\/uploads\/2024\/08\/cw_0013-1536x1024.jpg 1536w, https:\/\/www.christwohin.com\/wp-content\/uploads\/2024\/08\/cw_0013.jpg 1800w\" sizes=\"(max-width: 1024px) 100vw, 1024px\" \/><\/a><\/figure>\n<\/figure>\n\n\n\n<div style=\"height:20px\" aria-hidden=\"true\" class=\"wp-block-spacer\"><\/div>\n\n\n\n<p>Bilder vom kleinen, abgetrennten Saal:<\/p>\n\n\n\n<figure class=\"wp-block-gallery has-nested-images columns-default is-cropped wp-block-gallery-2 is-layout-flex wp-block-gallery-is-layout-flex\">\n<figure class=\"wp-block-image size-large\"><a href=\"https:\/\/www.christwohin.com\/wp-content\/uploads\/2024\/08\/cw_0022.jpg\"><img loading=\"lazy\" decoding=\"async\" width=\"1024\" height=\"683\" data-id=\"2043\" src=\"https:\/\/www.christwohin.com\/wp-content\/uploads\/2024\/08\/cw_0022-1024x683.jpg\" alt=\"\" class=\"wp-image-2043\" srcset=\"https:\/\/www.christwohin.com\/wp-content\/uploads\/2024\/08\/cw_0022-1024x683.jpg 1024w, https:\/\/www.christwohin.com\/wp-content\/uploads\/2024\/08\/cw_0022-300x200.jpg 300w, https:\/\/www.christwohin.com\/wp-content\/uploads\/2024\/08\/cw_0022-768x512.jpg 768w, https:\/\/www.christwohin.com\/wp-content\/uploads\/2024\/08\/cw_0022-1536x1024.jpg 1536w, https:\/\/www.christwohin.com\/wp-content\/uploads\/2024\/08\/cw_0022.jpg 1800w\" sizes=\"(max-width: 1024px) 100vw, 1024px\" \/><\/a><\/figure>\n\n\n\n<figure class=\"wp-block-image size-large\"><a href=\"https:\/\/www.christwohin.com\/wp-content\/uploads\/2024\/08\/cw_0020.jpg\"><img loading=\"lazy\" decoding=\"async\" width=\"1024\" height=\"683\" data-id=\"2041\" src=\"https:\/\/www.christwohin.com\/wp-content\/uploads\/2024\/08\/cw_0020-1024x683.jpg\" alt=\"\" class=\"wp-image-2041\" srcset=\"https:\/\/www.christwohin.com\/wp-content\/uploads\/2024\/08\/cw_0020-1024x683.jpg 1024w, https:\/\/www.christwohin.com\/wp-content\/uploads\/2024\/08\/cw_0020-300x200.jpg 300w, https:\/\/www.christwohin.com\/wp-content\/uploads\/2024\/08\/cw_0020-768x512.jpg 768w, https:\/\/www.christwohin.com\/wp-content\/uploads\/2024\/08\/cw_0020-1536x1024.jpg 1536w, https:\/\/www.christwohin.com\/wp-content\/uploads\/2024\/08\/cw_0020.jpg 1800w\" sizes=\"(max-width: 1024px) 100vw, 1024px\" \/><\/a><\/figure>\n\n\n\n<figure class=\"wp-block-image size-large\"><a href=\"https:\/\/www.christwohin.com\/wp-content\/uploads\/2024\/08\/cw_0019.jpg\"><img loading=\"lazy\" decoding=\"async\" width=\"1024\" height=\"683\" data-id=\"2040\" src=\"https:\/\/www.christwohin.com\/wp-content\/uploads\/2024\/08\/cw_0019-1024x683.jpg\" alt=\"\" class=\"wp-image-2040\" srcset=\"https:\/\/www.christwohin.com\/wp-content\/uploads\/2024\/08\/cw_0019-1024x683.jpg 1024w, https:\/\/www.christwohin.com\/wp-content\/uploads\/2024\/08\/cw_0019-300x200.jpg 300w, https:\/\/www.christwohin.com\/wp-content\/uploads\/2024\/08\/cw_0019-768x512.jpg 768w, https:\/\/www.christwohin.com\/wp-content\/uploads\/2024\/08\/cw_0019-1536x1024.jpg 1536w, https:\/\/www.christwohin.com\/wp-content\/uploads\/2024\/08\/cw_0019.jpg 1800w\" sizes=\"(max-width: 1024px) 100vw, 1024px\" \/><\/a><\/figure>\n\n\n\n<figure class=\"wp-block-image size-large\"><a href=\"https:\/\/www.christwohin.com\/wp-content\/uploads\/2024\/08\/cw_0018.jpg\"><img loading=\"lazy\" decoding=\"async\" width=\"1024\" height=\"683\" data-id=\"2039\" src=\"https:\/\/www.christwohin.com\/wp-content\/uploads\/2024\/08\/cw_0018-1024x683.jpg\" alt=\"\" class=\"wp-image-2039\" srcset=\"https:\/\/www.christwohin.com\/wp-content\/uploads\/2024\/08\/cw_0018-1024x683.jpg 1024w, https:\/\/www.christwohin.com\/wp-content\/uploads\/2024\/08\/cw_0018-300x200.jpg 300w, https:\/\/www.christwohin.com\/wp-content\/uploads\/2024\/08\/cw_0018-768x512.jpg 768w, https:\/\/www.christwohin.com\/wp-content\/uploads\/2024\/08\/cw_0018-1536x1024.jpg 1536w, https:\/\/www.christwohin.com\/wp-content\/uploads\/2024\/08\/cw_0018.jpg 1800w\" sizes=\"(max-width: 1024px) 100vw, 1024px\" \/><\/a><\/figure>\n\n\n\n<figure class=\"wp-block-image size-large\"><a href=\"https:\/\/www.christwohin.com\/wp-content\/uploads\/2024\/08\/cw_0017.jpg\"><img loading=\"lazy\" decoding=\"async\" width=\"1024\" height=\"683\" data-id=\"2038\" src=\"https:\/\/www.christwohin.com\/wp-content\/uploads\/2024\/08\/cw_0017-1024x683.jpg\" alt=\"\" class=\"wp-image-2038\" srcset=\"https:\/\/www.christwohin.com\/wp-content\/uploads\/2024\/08\/cw_0017-1024x683.jpg 1024w, https:\/\/www.christwohin.com\/wp-content\/uploads\/2024\/08\/cw_0017-300x200.jpg 300w, https:\/\/www.christwohin.com\/wp-content\/uploads\/2024\/08\/cw_0017-768x512.jpg 768w, https:\/\/www.christwohin.com\/wp-content\/uploads\/2024\/08\/cw_0017-1536x1024.jpg 1536w, https:\/\/www.christwohin.com\/wp-content\/uploads\/2024\/08\/cw_0017.jpg 1800w\" sizes=\"(max-width: 1024px) 100vw, 1024px\" \/><\/a><\/figure>\n<\/figure>\n\n\n\n<div style=\"height:40px\" aria-hidden=\"true\" class=\"wp-block-spacer\"><\/div>\n\n\n\n<h5 class=\"wp-block-heading\">Hier ein Plan der beiden S\u00e4le mit Terrasse (die gestrichelte Linie ist die Trennwand):<\/h5>\n\n\n\n<figure class=\"wp-block-image size-large is-resized\"><a href=\"https:\/\/www.christwohin.com\/wp-content\/uploads\/2025\/01\/Saele.png\"><img loading=\"lazy\" decoding=\"async\" width=\"1024\" height=\"986\" src=\"https:\/\/www.christwohin.com\/wp-content\/uploads\/2025\/01\/Saele-1024x986.png\" alt=\"\" class=\"wp-image-2380\" style=\"width:528px;height:auto\" srcset=\"https:\/\/www.christwohin.com\/wp-content\/uploads\/2025\/01\/Saele-1024x986.png 1024w, https:\/\/www.christwohin.com\/wp-content\/uploads\/2025\/01\/Saele-300x289.png 300w, https:\/\/www.christwohin.com\/wp-content\/uploads\/2025\/01\/Saele-768x740.png 768w, https:\/\/www.christwohin.com\/wp-content\/uploads\/2025\/01\/Saele.png 1240w\" sizes=\"(max-width: 1024px) 100vw, 1024px\" \/><\/a><\/figure>\n","protected":false},"excerpt":{"rendered":"<p>Das Exerzitienhaus verf\u00fcgt \u00fcber einen gro\u00dfen Saal, der in einen gr\u00f6\u00dferen und einen kleineren Saal aufteilbar ist. Hier Fotos vom gesamten Saal mit Terrasse: Bilder vom&#46;&#46;&#46;<\/p>\n","protected":false},"author":1,"featured_media":0,"parent":0,"menu_order":0,"comment_status":"closed","ping_status":"closed","template":"","meta":{"inline_featured_image":false,"footnotes":""},"class_list":["post-1870","page","type-page","status-publish","hentry"],"_links":{"self":[{"href":"https:\/\/www.christwohin.com\/index.php\/wp-json\/wp\/v2\/pages\/1870"}],"collection":[{"href":"https:\/\/www.christwohin.com\/index.php\/wp-json\/wp\/v2\/pages"}],"about":[{"href":"https:\/\/www.christwohin.com\/index.php\/wp-json\/wp\/v2\/types\/page"}],"author":[{"embeddable":true,"href":"https:\/\/www.christwohin.com\/index.php\/wp-json\/wp\/v2\/users\/1"}],"replies":[{"embeddable":true,"href":"https:\/\/www.christwohin.com\/index.php\/wp-json\/wp\/v2\/comments?post=1870"}],"version-history":[{"count":13,"href":"https:\/\/www.christwohin.com\/index.php\/wp-json\/wp\/v2\/pages\/1870\/revisions"}],"predecessor-version":[{"id":2414,"href":"https:\/\/www.christwohin.com\/index.php\/wp-json\/wp\/v2\/pages\/1870\/revisions\/2414"}],"wp:attachment":[{"href":"https:\/\/www.christwohin.com\/index.php\/wp-json\/wp\/v2\/media?parent=1870"}],"curies":[{"name":"wp","href":"https:\/\/api.w.org\/{rel}","templated":true}]}}