{"id":21,"date":"2016-02-19T22:00:15","date_gmt":"2016-02-19T21:00:15","guid":{"rendered":"http:\/\/www.christwohin.com\/christwohin\/wp\/?page_id=21"},"modified":"2026-01-01T21:45:58","modified_gmt":"2026-01-01T20:45:58","slug":"impressum","status":"publish","type":"page","link":"https:\/\/www.christwohin.com\/index.php\/impressum\/","title":{"rendered":"Impressum"},"content":{"rendered":"<p><span style=\"font-size: revert; color: initial;\">Der Inhalt dieser Website wird regelm\u00e4ssig auf Richtigkeit und Aktualit\u00e4t \u00fcberpr\u00fcft. Es kann aber dennoch sein, dass auf diesen Seiten publizierte Links oder Informationen nicht mehr aktuell sind und deshalb nicht mehr zum gew\u00fcnschten Ziel f\u00fchren.<\/span><\/p>\n<div class=\"row\">\n<div class=\"col-xs-12 col-md-12 col-lg-12\">\n<p>Wir \u00fcbernehmen keine Verantwortung f\u00fcr Seiteninhalte im Internet die \u00fcber Weblinks oder Newsfeeds von unseren Seiten aus aufgerufen wurden.<\/p>\n<p><span style=\"font-size: revert; color: initial;\">Exerzitiengemeinschaft &#8222;Christ wohin?&#8220;<br \/>\n<\/span><span style=\"font-size: revert; color: initial;\">Pfarrer Edmin Stier<br \/>\n<\/span>Scherzingerstrasse 44<br \/>\nCH-8595 Altnau<br \/>\nTelefon: +41 (0) 71 690 01 35<br \/>\nE-Mail:\u00a0info@christwohin.com<\/p>\n<\/div>\n<\/div>\n","protected":false},"excerpt":{"rendered":"<p>Der Inhalt dieser Website wird regelm\u00e4ssig auf Richtigkeit und Aktualit\u00e4t \u00fcberpr\u00fcft. Es kann aber dennoch sein, dass auf diesen Seiten publizierte Links oder Informationen nicht mehr&#46;&#46;&#46;<\/p>\n","protected":false},"author":1,"featured_media":0,"parent":0,"menu_order":0,"comment_status":"closed","ping_status":"closed","template":"","meta":{"inline_featured_image":false,"footnotes":""},"class_list":["post-21","page","type-page","status-publish","hentry"],"_links":{"self":[{"href":"https:\/\/www.christwohin.com\/index.php\/wp-json\/wp\/v2\/pages\/21"}],"collection":[{"href":"https:\/\/www.christwohin.com\/index.php\/wp-json\/wp\/v2\/pages"}],"about":[{"href":"https:\/\/www.christwohin.com\/index.php\/wp-json\/wp\/v2\/types\/page"}],"author":[{"embeddable":true,"href":"https:\/\/www.christwohin.com\/index.php\/wp-json\/wp\/v2\/users\/1"}],"replies":[{"embeddable":true,"href":"https:\/\/www.christwohin.com\/index.php\/wp-json\/wp\/v2\/comments?post=21"}],"version-history":[{"count":13,"href":"https:\/\/www.christwohin.com\/index.php\/wp-json\/wp\/v2\/pages\/21\/revisions"}],"predecessor-version":[{"id":2977,"href":"https:\/\/www.christwohin.com\/index.php\/wp-json\/wp\/v2\/pages\/21\/revisions\/2977"}],"wp:attachment":[{"href":"https:\/\/www.christwohin.com\/index.php\/wp-json\/wp\/v2\/media?parent=21"}],"curies":[{"name":"wp","href":"https:\/\/api.w.org\/{rel}","templated":true}]}}