{"id":2235,"date":"2024-12-05T20:38:31","date_gmt":"2024-12-05T19:38:31","guid":{"rendered":"https:\/\/www.christwohin.com\/?page_id=2235"},"modified":"2024-12-05T23:13:07","modified_gmt":"2024-12-05T22:13:07","slug":"stiftung","status":"publish","type":"page","link":"https:\/\/www.christwohin.com\/index.php\/stiftung\/","title":{"rendered":"Stiftung"},"content":{"rendered":"\n<p>Die wirtschaftlichen Verh\u00e4ltnisse und die Finanzierung der Exerzitiengemeinschaft &#8222;Christ Wohin?&#8220; sind \u00fcber zwei Stiftungen organisiert.<\/p>\n\n\n\n<h4 class=\"wp-block-heading\"> Stiftung &#8222;Christ, Wohin?&#8220;<\/h4>\n\n\n\n<p>Die Stiftung &#8222;Christ, Wohin?&#8220; ist Eigent\u00fcmerin der von der Exerzitiengemeinschaft genutzten R\u00e4umlichkeiten. Stiftungszweck ist der Unterhalt des Kreuzweges in Klingenzell, der Unterhalt der von der Exerzitiengemeinschaft genutzten <a href=\"https:\/\/www.christwohin.com\/index.php\/bilder-vom-haus\/\">R\u00e4umlichkeiten <\/a>und die Schaffung der \u00e4u\u00dferen Rahmenbedingungen f\u00fcr ein gedeihliches Wirken der Exerzitiengemeinschaft &#8222;Christ Wohin?&#8220;.<\/p>\n\n\n\n<p>Die Stiftung &#8222;Christ, Wohin?&#8220; ist Spendenempf\u00e4ngerin f\u00fcr<\/p>\n\n\n\n<ul class=\"wp-block-list\">\n<li>Spenden f\u00fcr den Unterhalt der R\u00e4umlichkeiten<\/li>\n\n\n\n<li>Spenden f\u00fcr den Unterhalt der Kapelle<\/li>\n\n\n\n<li>Spenden f\u00fcr religi\u00f6se Zwecke der Exerzitiengemeinschaft<\/li>\n\n\n\n<li>nichtzweckgebundene Spenden im Sinne des Stiftungszwecks.<\/li>\n<\/ul>\n\n\n\n<p><a href=\"https:\/\/www.christwohin.com\/index.php\/spendenkonten\/\">Spendenkonten<\/a><\/p>\n\n\n\n<p><\/p>\n","protected":false},"excerpt":{"rendered":"<p>Die wirtschaftlichen Verh\u00e4ltnisse und die Finanzierung der Exerzitiengemeinschaft &#8222;Christ Wohin?&#8220; sind \u00fcber zwei Stiftungen organisiert. Stiftung &#8222;Christ, Wohin?&#8220; Die Stiftung &#8222;Christ, Wohin?&#8220; ist Eigent\u00fcmerin der von&#46;&#46;&#46;<\/p>\n","protected":false},"author":1,"featured_media":0,"parent":0,"menu_order":0,"comment_status":"closed","ping_status":"closed","template":"","meta":{"inline_featured_image":false,"footnotes":""},"class_list":["post-2235","page","type-page","status-publish","hentry"],"_links":{"self":[{"href":"https:\/\/www.christwohin.com\/index.php\/wp-json\/wp\/v2\/pages\/2235"}],"collection":[{"href":"https:\/\/www.christwohin.com\/index.php\/wp-json\/wp\/v2\/pages"}],"about":[{"href":"https:\/\/www.christwohin.com\/index.php\/wp-json\/wp\/v2\/types\/page"}],"author":[{"embeddable":true,"href":"https:\/\/www.christwohin.com\/index.php\/wp-json\/wp\/v2\/users\/1"}],"replies":[{"embeddable":true,"href":"https:\/\/www.christwohin.com\/index.php\/wp-json\/wp\/v2\/comments?post=2235"}],"version-history":[{"count":19,"href":"https:\/\/www.christwohin.com\/index.php\/wp-json\/wp\/v2\/pages\/2235\/revisions"}],"predecessor-version":[{"id":2306,"href":"https:\/\/www.christwohin.com\/index.php\/wp-json\/wp\/v2\/pages\/2235\/revisions\/2306"}],"wp:attachment":[{"href":"https:\/\/www.christwohin.com\/index.php\/wp-json\/wp\/v2\/media?parent=2235"}],"curies":[{"name":"wp","href":"https:\/\/api.w.org\/{rel}","templated":true}]}}