{"id":6,"date":"2016-02-19T21:58:01","date_gmt":"2016-02-19T20:58:01","guid":{"rendered":"http:\/\/www.christwohin.com\/christwohin\/wp\/?page_id=6"},"modified":"2019-01-31T09:14:24","modified_gmt":"2019-01-31T08:14:24","slug":"zur-person-maria-von-moos","status":"publish","type":"page","link":"https:\/\/www.christwohin.com\/index.php\/zur-person-maria-von-moos\/","title":{"rendered":"Zur Person: Maria von Moos"},"content":{"rendered":"<p>Im Jahr 1955 bekam Maria von Moos den Ruf, in die \u00d6ffentlichkeit zu gehen. Bisher wirkte sie trotz ihres Charismas im Stillen. Schon seit ihrer Jugend hatte sie Menschen in verschiedenen Anliegen beraten. Nur gegen die Behandlung der Angstpsychose hatte sie sich innerlich gestr\u00e4ubt. Nun bekam sie den Auftrag, \u00f6ffentlich psychische Beratung anzubieten. In einer Eingebung befahl ihr unser Herr Jesus Christus, sie m\u00fcsse sich besonders der unheilbaren F\u00e4lle annehmen. Er selber werde mit ihr als Werkzeug Menschen mit Angstpsychose heilen.<\/p>\n<p>1956 folgte sie diesem Auftrag schweren Herzens weil sie wusste, dass gesetzliche Untersuchungen auf sie zukommen w\u00fcrden. Die gerichtliche Pr\u00fcfung verlief positiv. Seit nunmehr sechzig Jahren ist sie in der psychischen Beratung t\u00e4tig. Unz\u00e4hlige Menschen haben vielf\u00e4ltige Hilfe und besonders die Heilung der Angstpsychose erfahren.<\/p>\n<p><a href=\"http:\/\/www.christwohin.com\/wp-content\/uploads\/Vorstellung_Frau-von-Moos.pdf\">Informationsbrosch\u00fcre als PDF<\/a><\/p>\n<p>Liebe Freunde, Bekannte und Wegbegleiter<\/p>\n<p>Wir m\u00f6chten uns bei allen in tiefer Freude und von ganzem Herzen bedanken, f\u00fcr die Gebete, angesteckten Kerzen, die Zuwendungen aller Art, die geschenkten Hilfsmittel f\u00fcr Invalide, die Blumen und Gestecke und alles was im Stillen ausgef\u00fchrt und getan wurde und nicht zu vergessen f\u00fcr die Spenden an den Bau des Exerzitienhauses.<\/p>\n<p>Es hat uns sehr ber\u00fchrt, die Solidarit\u00e4t und das Mitgehen auf unserem steinigen, traurigen Weg.<\/p>\n<p>Einen besonderen Dank f\u00fcr die begleitende Hilfe geb\u00fchrt Dr. Theo Ringli und die Spitex Stadt und Land. Danke!<\/p>\n<p>Und nicht zuletzt ein herzliches Vergelts Gott an Pfarrer Edwin Stier, der keinen Weg oder sp\u00e4te Stunde gescheut hat und unserer Mutter auf ihrem letzten Weg beigestanden, ihr die Hand gehalten, sie darauf vorbereitet und ihr die Sterbenssakramente gespendet hat. Danke!<\/p>\n<p>In tiefer Dankbarkeit und allen ein herzliches Vergelt&#8217;s Gott!<\/p>\n<p>Familie von Moos<\/p>\n","protected":false},"excerpt":{"rendered":"<p>Im Jahr 1955 bekam Maria von Moos den Ruf, in die \u00d6ffentlichkeit zu gehen. Bisher wirkte sie trotz ihres Charismas im Stillen. Schon seit ihrer Jugend&#46;&#46;&#46;<\/p>\n","protected":false},"author":1,"featured_media":0,"parent":0,"menu_order":0,"comment_status":"closed","ping_status":"closed","template":"","meta":{"inline_featured_image":false,"footnotes":""},"class_list":["post-6","page","type-page","status-publish","hentry"],"_links":{"self":[{"href":"https:\/\/www.christwohin.com\/index.php\/wp-json\/wp\/v2\/pages\/6"}],"collection":[{"href":"https:\/\/www.christwohin.com\/index.php\/wp-json\/wp\/v2\/pages"}],"about":[{"href":"https:\/\/www.christwohin.com\/index.php\/wp-json\/wp\/v2\/types\/page"}],"author":[{"embeddable":true,"href":"https:\/\/www.christwohin.com\/index.php\/wp-json\/wp\/v2\/users\/1"}],"replies":[{"embeddable":true,"href":"https:\/\/www.christwohin.com\/index.php\/wp-json\/wp\/v2\/comments?post=6"}],"version-history":[{"count":5,"href":"https:\/\/www.christwohin.com\/index.php\/wp-json\/wp\/v2\/pages\/6\/revisions"}],"predecessor-version":[{"id":580,"href":"https:\/\/www.christwohin.com\/index.php\/wp-json\/wp\/v2\/pages\/6\/revisions\/580"}],"wp:attachment":[{"href":"https:\/\/www.christwohin.com\/index.php\/wp-json\/wp\/v2\/media?parent=6"}],"curies":[{"name":"wp","href":"https:\/\/api.w.org\/{rel}","templated":true}]}}

<p>Im Jahr 1955 bekam Maria von Moos den Ruf, in die Öffentlichkeit zu gehen. Bisher wirkte sie trotz ihres Charismas im Stillen. Schon seit ihrer Jugend hatte sie Menschen in verschiedenen Anliegen beraten. Nur gegen die Behandlung der Angstpsychose hatte sie sich innerlich gesträubt. Nun bekam sie den Auftrag, öffentlich psychische Beratung anzubieten. In einer Eingebung befahl ihr unser Herr Jesus Christus, sie müsse sich besonders der unheilbaren Fälle annehmen. Er selber werde mit ihr als Werkzeug Menschen mit Angstpsychose heilen.</p>
<p>1956 folgte sie diesem Auftrag schweren Herzens weil sie wusste, dass gesetzliche Untersuchungen auf sie zukommen würden. Die gerichtliche Prüfung verlief positiv. Seit nunmehr sechzig Jahren ist sie in der psychischen Beratung tätig. Unzählige Menschen haben vielfältige Hilfe und besonders die Heilung der Angstpsychose erfahren.</p>
<p><a href="http://www.christwohin.com/wp-content/uploads/Vorstellung_Frau-von-Moos.pdf">Informationsbroschüre als PDF</a></p>
<p>Liebe Freunde, Bekannte und Wegbegleiter</p>
<p>Wir möchten uns bei allen in tiefer Freude und von ganzem Herzen bedanken, für die Gebete, angesteckten Kerzen, die Zuwendungen aller Art, die geschenkten Hilfsmittel für Invalide, die Blumen und Gestecke und alles was im Stillen ausgeführt und getan wurde und nicht zu vergessen für die Spenden an den Bau des Exerzitienhauses.</p>
<p>Es hat uns sehr berührt, die Solidarität und das Mitgehen auf unserem steinigen, traurigen Weg.</p>
<p>Einen besonderen Dank für die begleitende Hilfe gebührt Dr. Theo Ringli und die Spitex Stadt und Land. Danke!</p>
<p>Und nicht zuletzt ein herzliches Vergelts Gott an Pfarrer Edwin Stier, der keinen Weg oder späte Stunde gescheut hat und unserer Mutter auf ihrem letzten Weg beigestanden, ihr die Hand gehalten, sie darauf vorbereitet und ihr die Sterbenssakramente gespendet hat. Danke!</p>
<p>In tiefer Dankbarkeit und allen ein herzliches Vergelt&#8217;s Gott!</p>
<p>Familie von Moos</p>

<p>Im Jahr 1955 bekam Maria von Moos den Ruf, in die Öffentlichkeit zu gehen. Bisher wirkte sie trotz ihres Charismas im Stillen. Schon seit ihrer Jugend&#46;&#46;&#46;</p>
